{"id":7,"date":"2014-10-15T12:59:47","date_gmt":"2014-10-15T12:59:47","guid":{"rendered":"https:\/\/demo.proteusthemes.com\/buildpress\/?page_id=7"},"modified":"2021-04-09T10:17:00","modified_gmt":"2021-04-09T13:17:00","slug":"front-page","status":"publish","type":"page","link":"http:\/\/cepiweb.com.br\/i\/","title":{"rendered":"Front Page"},"content":{"rendered":"<div id=\"pl-7\"  class=\"panel-layout\" ><div id=\"pg-7-0\"  class=\"panel-grid panel-has-style\" ><div class=\"siteorigin-panels-stretch panel-row-style panel-row-style-for-7-0\" data-stretch-type=\"full\" ><div id=\"pgc-7-0-0\"  class=\"panel-grid-cell\" ><\/div><\/div><\/div><div id=\"pg-7-1\"  class=\"panel-grid panel-no-style\" ><div id=\"pgc-7-1-0\"  class=\"panel-grid-cell\" ><div id=\"panel-7-1-0-0\" class=\"so-panel widget widget_text panel-first-child panel-last-child\" data-index=\"1\" >\t\t\t<div class=\"textwidget\"><div class=\"so-panel widget widget_pt_featured_page panel-first-child panel-last-child\" id=\"panel-7-1-1-0\">\n<div class=\"page-box page-box--block post-3318 page type-page status-publish has-post-thumbnail hentry\">\n<div class=\"page-box__picture\" href=\"#\"><img width=\"360\" height=\"132\" src=\"http:\/\/cepiweb.com.br\/i\/wp-content\/uploads\/2021\/04\/linha_estival.jpg\" class=\"attachment-page-box wp-post-image\" alt=\"linha_estival\"><\/div>\n<div class=\"page-box__content\">\n<h5 class=\"page-box__title  text-uppercase\">PARA QUEM PRECISA ANDAR PROTEGIDO<\/h5>\nAs botinas da linha Adventure Estival s\u00e3o leves, dur\u00e1veis e confort\u00e1veis, al\u00e9m de superbonitas, pra voc\u00ea usar no trabalho ou lazer.<p><\/p>\n<p><a href=\"http:\/\/cepiweb.com.br\/i\/calcados\/\" class=\"read-more  read-more--page-box\">mais<\/a><\/p>\n<\/div>\n<\/div>\n<\/div><\/div>\n\t\t<\/div><\/div><div id=\"pgc-7-1-1\"  class=\"panel-grid-cell\" ><div id=\"panel-7-1-1-0\" class=\"so-panel widget widget_text panel-first-child panel-last-child\" data-index=\"2\" >\t\t\t<div class=\"textwidget\"><div class=\"so-panel widget widget_pt_featured_page panel-first-child panel-last-child\" id=\"panel-7-1-1-0\">\n<div class=\"page-box page-box--block post-3318 page type-page status-publish has-post-thumbnail hentry\">\n<div class=\"page-box__picture\" ><img width=\"310\" height=\"310\" src=\"http:\/\/cepiweb.com.br\/i\/wp-content\/uploads\/2021\/04\/linha_neon.jpg\" class=\"attachment-page-box wp-post-image\" alt=\"linha_neon\"><\/div>\n<div class=\"page-box__content\">\n<h5 class=\"page-box__title  text-uppercase\">VIS\u00c3O COM ESTILO<\/h5>\nDesign, estilo e prote\u00e7\u00e3o UVA\/UVB certificada pelo Minist\u00e9rio do Trabalho, a linha Neon Steelflex tem designer moderno em v\u00e1rias cores, tanto para uso profissional quanto para o seu dia a dia.<p><\/p>\n<p><a href=\"http:\/\/cepiweb.com.br\/i\/oculos\/\" class=\"read-more  read-more--page-box\">mais<\/a><\/p>\n<\/div>\n<\/div>\n<\/div><\/div>\n\t\t<\/div><\/div><div id=\"pgc-7-1-2\"  class=\"panel-grid-cell\" ><div id=\"panel-7-1-2-0\" class=\"so-panel widget widget_text panel-first-child panel-last-child\" data-index=\"3\" >\t\t\t<div class=\"textwidget\"><div class=\"page-box page-box--inline post-7 page type-page status-publish hentry\">\n<a class=\"page-box__picture\"><img width=\"100\" height=\"75\" src=\"http:\/\/cepiweb.com.br\/i\/wp-content\/uploads\/2015\/07\/industria.jpg\" class=\"attachment-thumbnail wp-post-image\" alt=\"Content Image\"><\/a>\n<div class=\"page-box__content\">\n<h5 class=\"page-box__title  text-uppercase\">Industria<\/h5>\n<p>Uniformes, botinas, luvas, \u00f3culos, aventais em raspa, perneiras, mangotes\u2026<\/p>\n<\/div>\n<\/div>\n<div class=\"page-box page-box--inline post-7 page type-page status-publish hentry\">\n<a class=\"page-box__picture\"><img width=\"100\" height=\"75\" src=\"http:\/\/cepiweb.com.br\/i\/wp-content\/uploads\/2015\/07\/construcao_civil.jpg\" class=\"attachment-thumbnail wp-post-image\" alt=\"Content Image\"><\/a>\n<div class=\"page-box__content\">\n<h5 class=\"page-box__title  text-uppercase\">Constru\u00e7\u00e3o Civil<\/h5>\n<p>Cintos paraquedista e talabartes, capacetes, m\u00e1scaras, protetores faciais, abafadores de ru\u00eddo\u2026<\/p>\n<\/div>\n<\/div>\n<div class=\"page-box page-box--inline post-7 page type-page status-publish hentry\">\n<a class=\"page-box__picture\"><img width=\"100\" height=\"75\" src=\"http:\/\/cepiweb.com.br\/i\/wp-content\/uploads\/2015\/07\/comercio_servicos.jpg\" class=\"attachment-thumbnail wp-post-image\" alt=\"Content Image\"><\/a>\n<div class=\"page-box__content\">\n<h5 class=\"page-box__title  text-uppercase\">Com\u00e9rcio e Servi\u00e7os<\/h5>\n<p>Aventais, botas e capas de chuva em pvc, protetores auditivos, cones de sinaliza\u00e7\u00e3o\u2026<\/p>\n<\/div>\n<\/div>\n<div class=\"page-box page-box--inline post-7 page type-page status-publish hentry\">\n<a class=\"page-box__picture\"><img width=\"100\" height=\"75\" src=\"http:\/\/cepiweb.com.br\/i\/wp-content\/uploads\/2015\/07\/voce_sua_casa.jpg\" class=\"attachment-thumbnail wp-post-image\" alt=\"Content Image\"><\/a>\n<div class=\"page-box__content\">\n<h5 class=\"page-box__title  text-uppercase\">Voc\u00ea e sua casa<\/h5>\n<p>Protetores solar c\/repelente, cintos ergon\u00f4micos, cremes para m\u00e3os\u2026<\/p>\n<\/div>\n<\/div><\/div>\n\t\t<\/div><\/div><\/div><div id=\"pg-7-2\"  class=\"panel-grid panel-has-style\" ><div class=\"siteorigin-panels-stretch panel-row-style panel-row-style-for-7-2\" data-stretch-type=\"full\" ><div id=\"pgc-7-2-0\"  class=\"panel-grid-cell\" ><\/div><\/div><\/div><div id=\"pg-7-3\"  class=\"panel-grid panel-no-style\" ><div id=\"pgc-7-3-0\"  class=\"panel-grid-cell\" ><div id=\"panel-7-3-0-0\" class=\"so-panel widget widget_black-studio-tinymce widget_black_studio_tinymce panel-first-child panel-last-child\" data-index=\"5\" ><h3 class=\"widget-title\">CEPIWORK Uniformes<\/h3><div class=\"textwidget\"><p><a href=\"http:\/\/cepiweb.com.br\/i\/cepiwork\/ \"><img class=\"alignleft wp-image-3454\" src=\"http:\/\/cepiweb.com.br\/i\/wp-content\/uploads\/2014\/10\/uniformes1-1024x250.jpg\" alt=\"uniformes\" width=\"860\" height=\"210\" \/><\/a><\/p>\n<p>Uniformes profissionais em brim de fabrica\u00e7\u00e3o pr\u00f3pria CEPIWORK<\/p>\n<p>\u00a0<\/p>\n<\/div><\/div><\/div><\/div><div id=\"pg-7-4\"  class=\"panel-grid panel-has-style\" ><div class=\"siteorigin-panels-stretch panel-row-style panel-row-style-for-7-4\" data-stretch-type=\"full\" ><div id=\"pgc-7-4-0\"  class=\"panel-grid-cell\" ><\/div><\/div><\/div><div id=\"pg-7-5\"  class=\"panel-grid panel-no-style\" ><div id=\"pgc-7-5-0\"  class=\"panel-grid-cell\" ><div id=\"panel-7-5-0-0\" class=\"so-panel widget widget_text panel-first-child\" data-index=\"7\" >\t\t\t<div class=\"textwidget\"><\/div>\n\t\t<\/div><div id=\"panel-7-5-0-1\" class=\"so-panel widget widget_black-studio-tinymce widget_black_studio_tinymce panel-last-child\" data-index=\"8\" ><h3 class=\"widget-title\">Por que nos escolher?<\/h3><div class=\"textwidget\"><h5><span style=\"color: #fcc71f;\"><br \/> <span class=\"icon-container\"><span class=\"fa fa-check\"><\/span><\/span><\/span>\u00a0<span style=\"color: #333333;\">MOTIVO 1<\/span><\/h5>\n<p>Nossa equipe n\u00e3o apenas vende, mas presta servi\u00e7os \u2013 e da melhor qualidade. Nossa miss\u00e3o, valores, objetivos, etc. se resumem no pleno atendimento de nossos clientes - orientando, indicando o melhor EPI, etc., para que cada qual se dedique apenas \u00e0quilo que se prop\u00f5em em seu segmento: produzir!<\/p>\n<h5><span style=\"color: #fcc71f;\"><br \/> <span class=\"icon-container\"><span class=\"fa fa-check\"><\/span><\/span><\/span>\u00a0MOTIVO 2<\/h5>\n<p>Atendemos com pronta entrega no balc\u00e3o em nossa loja f\u00edsica, tanto no atacado quanto no varejo, facilitando solu\u00e7\u00f5es, inclusive em casos de emerg\u00eancias. Tamb\u00e9m entregamos em Caieiras e toda regi\u00e3o, sem custo adicional para nossos clientes.<\/p>\n<h5><span style=\"color: #fcc71f;\"><br \/> <span class=\"icon-container\"><span class=\"fa fa-check\"><\/span><\/span><\/span>\u00a0<span style=\"color: #333333;\">MOTIVO 3<\/span><\/h5>\n<p>A CEPI tamb\u00e9m atende a pessoa f\u00edsica, que \u00a0necessita de algum equipamento, mesmo uma simples luva para jardinagem ou um protetor solar. Todos os Equipamentos de Prote\u00e7\u00e3o Individuais (EPI\u00b4s) distribu\u00eddos pela CEPI possuem Certificados de Aprova\u00e7\u00e3o (C.A.) v\u00e1lidos, emitidos pelo Minist\u00e9rio do Trabalho e Emprego (M.T.E).\u00a0<\/p>\n<\/div><\/div><\/div><div id=\"pgc-7-5-1\"  class=\"panel-grid-cell\" ><div id=\"panel-7-5-1-0\" class=\"so-panel widget widget_text panel-first-child\" data-index=\"9\" >\t\t\t<div class=\"textwidget\"><\/div>\n\t\t<\/div><div id=\"panel-7-5-1-1\" class=\"so-panel widget widget_black-studio-tinymce widget_black_studio_tinymce panel-last-child\" data-index=\"10\" ><h3 class=\"widget-title\">Quem Somos?<\/h3><div class=\"textwidget\"><p><img class=\" wp-image-3548 size-full alignleft\" src=\"http:\/\/cepiweb.com.br\/i\/wp-content\/uploads\/2014\/10\/frente_loja.jpg\" alt=\"\" width=\"300\" height=\"169\" \/><img class=\"alignleft wp-image-3374 size-full\" src=\"http:\/\/cepiweb.com.br\/i\/wp-content\/uploads\/2014\/10\/carro-fiorino-montagem.jpg\" alt=\"carro fiorino montagem\" width=\"300\" height=\"151\" \/><\/p>\n<p>A CEPI atua no mercado de distribui\u00e7\u00e3o de equipamentos de prote\u00e7\u00e3o individual, oferecendo atendimento diferenciado e personalizado. Possui (para pronto atendimento) ampla variedade de produtos, provenientes dos mais conceituados fabricantes, visando atender completamente as necessidades de seus clientes em todos os segmentos, independentemente de seu porte, inclusive voc\u00ea, como pessoa f\u00edsica. Com pre\u00e7os competitivos e agilidade na entrega, busca as melhores solu\u00e7\u00f5es para sua empresa, colaborando para a otimiza\u00e7\u00e3o de seus custos.<\/p>\n<\/div><\/div><\/div><\/div><\/div>","protected":false},"excerpt":{"rendered":"<p>PARA QUEM PRECISA ANDAR PROTEGIDO As botinas da linha Adventure Estival s\u00e3o leves, dur\u00e1veis e confort\u00e1veis, al\u00e9m de superbonitas, pra voc\u00ea usar no trabalho ou lazer. mais VIS\u00c3O COM ESTILO Design, estilo e prote\u00e7\u00e3o UVA\/UVB certificada pelo Minist\u00e9rio do Trabalho, a linha Neon Steelflex tem designer moderno em v\u00e1rias cores, tanto para uso profissional quanto &hellip;<\/p>\n","protected":false},"author":1,"featured_media":0,"parent":0,"menu_order":0,"comment_status":"closed","ping_status":"closed","template":"template-front-page-slider.php","meta":[],"_links":{"self":[{"href":"http:\/\/cepiweb.com.br\/i\/wp-json\/wp\/v2\/pages\/7"}],"collection":[{"href":"http:\/\/cepiweb.com.br\/i\/wp-json\/wp\/v2\/pages"}],"about":[{"href":"http:\/\/cepiweb.com.br\/i\/wp-json\/wp\/v2\/types\/page"}],"author":[{"embeddable":true,"href":"http:\/\/cepiweb.com.br\/i\/wp-json\/wp\/v2\/users\/1"}],"replies":[{"embeddable":true,"href":"http:\/\/cepiweb.com.br\/i\/wp-json\/wp\/v2\/comments?post=7"}],"version-history":[{"count":65,"href":"http:\/\/cepiweb.com.br\/i\/wp-json\/wp\/v2\/pages\/7\/revisions"}],"predecessor-version":[{"id":3709,"href":"http:\/\/cepiweb.com.br\/i\/wp-json\/wp\/v2\/pages\/7\/revisions\/3709"}],"wp:attachment":[{"href":"http:\/\/cepiweb.com.br\/i\/wp-json\/wp\/v2\/media?parent=7"}],"curies":[{"name":"wp","href":"https:\/\/api.w.org\/{rel}","templated":true}]}}