{"id":3510,"date":"2015-07-11T18:04:03","date_gmt":"2015-07-11T21:04:03","guid":{"rendered":"http:\/\/cepiweb.com.br\/i\/?page_id=3510"},"modified":"2015-07-11T18:04:03","modified_gmt":"2015-07-11T21:04:03","slug":"cepiwork","status":"publish","type":"page","link":"http:\/\/cepiweb.com.br\/i\/cepiwork\/","title":{"rendered":"CEPIWORK"},"content":{"rendered":"<p><img decoding=\"async\" loading=\"lazy\" class=\"alignnone size-full wp-image-3522\" src=\"http:\/\/cepiweb.com.br\/i\/wp-content\/uploads\/2015\/07\/cepiwork_head.jpg\" alt=\"cepiwork_head\" width=\"988\" height=\"130\" srcset=\"http:\/\/cepiweb.com.br\/i\/wp-content\/uploads\/2015\/07\/cepiwork_head.jpg 988w, http:\/\/cepiweb.com.br\/i\/wp-content\/uploads\/2015\/07\/cepiwork_head-300x39.jpg 300w, http:\/\/cepiweb.com.br\/i\/wp-content\/uploads\/2015\/07\/cepiwork_head-768x101.jpg 768w, http:\/\/cepiweb.com.br\/i\/wp-content\/uploads\/2015\/07\/cepiwork_head-555x73.jpg 555w\" sizes=\"(max-width: 988px) 100vw, 988px\" \/><\/p>\n<p>Nossa cole\u00e7\u00e3o de uniformes (industriais\/constru\u00e7\u00e3o civil) de <em>fabrica\u00e7\u00e3o pr\u00f3pria<\/em> garantem maior qualidade e pre\u00e7o justo.<br \/>\nTemos pronta entrega de conjuntos ou pe\u00e7as avulsas \u2013 jaleco gola italiana e cal\u00e7a com el\u00e1stico e cord\u00e3o, nas cores royal, cinza e marinho.<\/p>\n<p>Alguns destaques:<\/p>\n<p><span class=\"icon-container\"><span class=\"fa fa-check-square-o\"><\/span><\/span> ISO 9001: brim pesado, 1\u00aa linha, de excelente qualidade;<\/p>\n<p><span class=\"icon-container\"><span class=\"fa fa-check-square-o\"><\/span><\/span> Modelagem profissional padr\u00e3o Santista;<\/p>\n<p><span class=\"icon-container\"><span class=\"fa fa-check-square-o\"><\/span><\/span> Refor\u00e7o da costura com travete;<\/p>\n<p><span class=\"icon-container\"><span class=\"fa fa-check-square-o\"><\/span><\/span> \u00d3timo custo\/benef\u00edcio;<\/p>\n<p><span class=\"icon-container\"><span class=\"fa fa-check-square-o\"><\/span><\/span> Pronta-entrega nas cores e modelo padr\u00e3o;<\/p>\n<p><span class=\"icon-container\"><span class=\"fa fa-check-square-o\"><\/span><\/span> Desenvolvimento personalizado para sua empresa;<\/p>\n<p><span class=\"icon-container\"><span class=\"fa fa-check-square-o\"><\/span><\/span> Padr\u00e3o CEPI de qualidade!<\/p>\n","protected":false},"excerpt":{"rendered":"<p>Nossa cole\u00e7\u00e3o de uniformes (industriais\/constru\u00e7\u00e3o civil) de fabrica\u00e7\u00e3o pr\u00f3pria garantem maior qualidade e pre\u00e7o justo. Temos pronta entrega de conjuntos ou pe\u00e7as avulsas \u2013 jaleco gola italiana e cal\u00e7a com el\u00e1stico e cord\u00e3o, nas cores royal, cinza e marinho. Alguns destaques: ISO 9001: brim pesado, 1\u00aa linha, de excelente qualidade; Modelagem profissional padr\u00e3o Santista; Refor\u00e7o &hellip;<\/p>\n","protected":false},"author":1,"featured_media":0,"parent":0,"menu_order":0,"comment_status":"closed","ping_status":"closed","template":"","meta":[],"_links":{"self":[{"href":"http:\/\/cepiweb.com.br\/i\/wp-json\/wp\/v2\/pages\/3510"}],"collection":[{"href":"http:\/\/cepiweb.com.br\/i\/wp-json\/wp\/v2\/pages"}],"about":[{"href":"http:\/\/cepiweb.com.br\/i\/wp-json\/wp\/v2\/types\/page"}],"author":[{"embeddable":true,"href":"http:\/\/cepiweb.com.br\/i\/wp-json\/wp\/v2\/users\/1"}],"replies":[{"embeddable":true,"href":"http:\/\/cepiweb.com.br\/i\/wp-json\/wp\/v2\/comments?post=3510"}],"version-history":[{"count":9,"href":"http:\/\/cepiweb.com.br\/i\/wp-json\/wp\/v2\/pages\/3510\/revisions"}],"predecessor-version":[{"id":3524,"href":"http:\/\/cepiweb.com.br\/i\/wp-json\/wp\/v2\/pages\/3510\/revisions\/3524"}],"wp:attachment":[{"href":"http:\/\/cepiweb.com.br\/i\/wp-json\/wp\/v2\/media?parent=3510"}],"curies":[{"name":"wp","href":"https:\/\/api.w.org\/{rel}","templated":true}]}}